 2908*c + 269. Calculate the remainder when w(0) is divided by 8.
5
What is the remainder when (-12 + 7)*(-9440)/25 is divided by 61?
58
Let d(r) = -r**2 + 2*r + 4. Suppose 0 = -3*c - 2*g + 1, -5*g = -2*c + 24 - 17. What is the remainder when c is divided by d(3)?
0
Suppose -2*n - y = -2112, n - 5*n = -3*y - 4204. What is the remainder when n is divided by 18?
10
Let i(b) = -b**3 + 13*b**2 + 3*b - 29. Let o = 430 - 417. Calculate the remainder when 49 is divided by i(o).
9
Let p(m) be the second derivative of m**3/6 + 17*m**2/2 - m - 200. Let o(r) = r**2 - 4*r + 1. Let u be o(6). What is the remainder when 57 is divided by p(u)?
27
Suppose 5 = 15*u - 14*u. Let w(x) = 3*x - 4. Suppose -9*h = -6*h - 63. Calculate the remainder when h is divided by w(u).
10
Let l = 897 + -903. Let x(n) be the first derivative of -5*n**2 - 21*n + 1. Calculate the remainder when x(l) is divided by 20.
19
Suppose -3*i - 2*w - w - 2016 = 0, 2*i = 5*w - 1358. Let q = 676 + i. What is the remainder when q is divided by 1?
0
Suppose -7*v + 1969 + 362 = 0. What is the remainder when v is divided by 98?
39
Let t(c) = c**2 - 26*c - 167. Calculate the remainder when 188 is divided by t(-6).
13
Suppose -2*y = y + q + 10, y + 10 = -2*q. Let b be (246/9)/(y/6). Calculate the remainder when (7/(28/8))/((-4)/b) is divided by 14.
13
Let y(o) be the first derivative of 8 - 16/3*o**3 + 1/4*o**4 + 2*o**2 - 35*o. Calculate the remainder when 57 is divided by y(16).
28
Let i(f) = -f**3 + 2*f**2 + 2*f + 30. Let v be i(0). Let w be v/9 + 1/(-3). Calculate the remainder when 5 is divided by (w + (-51)/15)/(4/(-10)).
0
Let d be 16/4*1 - 2*1. Let o(h) = -h - 9*h**d - 3*h + 95*h**3 + 33 - 94*h**3. Calculate the remainder when o(10) is divided by 16.
13
Let i be (42/(-15) - 0)*5. Let m = 20 - i. What is the remainder when 118 is divided by m?
16
Suppose -326 - 395 = -5*u + 24. Let w = 96 + -57. Calculate the remainder when u is divided by w.
32
Suppose -2*l - 181 = -m, 734 = -3*m - 3*l + 1223. What is the remainder when 637 is divided by m?
130
Let b(r) = -10*r - 61. Let x(z) = 7*z + 30. Let n(s) = -3*b(s) - 5*x(s). Calculate the remainder when n(-21) is divided by 18.
12
What is the remainder when (94 - 80) + 844/2 is divided by 34?
28
Suppose -13*j + 34*j + 28*j = 170520. What is the remainder when 10446 is divided by j?
6
Let t be 4 - (-1757 + 4 + -5 + 5). Suppose t = -6*j + 13*j. What is the remainder when j is divided by 28?
27
Suppose -222*k = -2460 - 1536. Let p = 40 - 6. What is the remainder when p is divided by k?
16
Suppose -646 = -3*k + 2*y - 7*y, y = 5*k - 1086. What is the remainder when 29 is divided by (-28)/(-2)*248/k?
13
What is the remainder when 170 is divided by (-1)/((-10)/1280) + 12?
30
Calculate the remainder when 89 + 22 - ((7 - 5) + 0) is divided by 3.
1
Calculate the remainder when 1/(-2) - -1 - (6 + (-144225)/50) is divided by 80.
79
Let i = 35 - 19. Let q be 132/(-28) + 8/(-28). Calculate the remainder when ((-841)/q - 1/5) + 5 is divided by i.
13
Suppose 0 = 8*t - 12*t + d + 378, -21*d + 126 = 0. Calculate the remainder when 965 is divided by t.
5
Let c(t) = 7*t - 150. Let v(g) = 8*g - 152. Let q(u) = 3*c(u) - 2*v(u). Calculate the remainder when 2 - 0 - -49 - 0 is divided by q(32).
9
Suppose -j - 3*a - 111 = -490, -4*j + 1464 = -a. Suppose -11*f + j + 304 = 0. What is the remainder when f is divided by 27?
7
Let f(b) = -22*b - 192. Let t be f(-9). Let w(h) = 3*h**2 - 6*h. Calculate the remainder when w(t) is divided by 19.
15
Suppose -16 = -x - 3*x. Let u = -43 - -68. Calculate the remainder when 1380/45*6/x is divided by u.
21
Let k = 766 + -586. Calculate the remainder when k is divided by 167.
13
Let g(s) = -30*s + 807. What is the remainder when g(21) is divided by 171?
6
What is the remainder when 13337 is divided by 1 - ((-2613)/268 + 3/4)?
7
Let d = 1989 + -1939. What is the remainder when 906 is divided by d?
6
Suppose 5*q - 3*x - 1 - 7 = 0, q + 2 = -3*x. Calculate the remainder when 61 + (-5)/((-10)/(-6)) is divided by ((-45)/(-36))/(q/8).
8
Calculate the remainder when (121/(-3))/(4/(-36)) is divided by 127.
109
Let a be ((-850)/(-6))/1 - 94/141. Let j = a - 33. What is the remainder when j is divided by (-1 + (-78)/(-4))*2?
34
Suppose 48*m - 12802 = -11458. Let a = -16128 + 11308. What is the remainder when a/(-25) + (-2)/(-10) is divided by m?
25
Suppose 663*a + 167*a - 2719932 = 34*a. Calculate the remainder when a is divided by 21.
15
Suppose 4*y + 3*s - 1174 = -395, y - 4*s - 209 = 0. Let l(f) = -4*f**2 + 5 - 12*f + 29 + f**3 + 6. Calculate the remainder when y is divided by l(6).
37
Let r = 630 - 561. Suppose 88*l - r*l = 608. What is the remainder when l is divided by 29?
3
Suppose 4*z + 148 = 2*d - z, 0 = 2*d - z - 140. Suppose 0 = -4*q + 12 - 0. Suppose 0 = b - 4, 2*i = -q*b + 4 + 36. What is the remainder when d is divided by i?
13
Let d(k) = -2*k + 35. Let j be d(20). Let s = j - -9. Suppose h - 3 - 82 = 4*z, -4*h - s*z = -260. Calculate the remainder when h is divided by 18.
15
Suppose -45*u + 13126 = -10*u - 10149. Calculate the remainder when u is divided by 67.
62
Suppose 4*l - 5*q = 99, -2*l + 4*q = 1211 - 1259. Calculate the remainder when 8500 is divided by l.
24
Suppose 3*s - 617 = -4*y, s - 91 = y - 233. Suppose 5*q - 2*t + 7*t = 170, -3*q + 4*t + 130 = 0. Calculate the remainder when y is divided by q.
35
Let c be 2 + (2 - 1) + 0. Suppose -2*z + 62 = 2*m, -m = 5*z + c*m - 154. Suppose -10*w = -37 - 43. Calculate the remainder when z is divided by w.
6
Let o = -253 + -51. Let r = o - -325. What is the remainder when r is divided by 31/3 + 2/3?
10
Suppose -780 = 3*u - 2157. Let y = -11893 + 11935. Calculate the remainder when u is divided by y.
39
Suppose 0*p + 4*p - 32 = 0. Suppose 5*l + p - 53 = 0. Suppose z - 25 = 8. Calculate the remainder when z is divided by l.
6
Suppose -4*i + 209 = 3*g, -2*g - 7 = -5*i - 154. What is the remainder when 230 is divided by g?
17
Let g(y) = 22*y**2 - 5*y + 6. Let v be g(2). Let t = -57 + v. What is the remainder when 95 is divided by t?
14
Let u be (3*(-16)/(-84))/(6/11487). Suppose 44*c + u = 13722. What is the remainder when c is divided by 49?
42
Suppose 3*a = 11 - 35. Let g(r) be the third derivative of r**6/120 + 2*r**5/15 - r**4/6 - r**3 - r**2. Calculate the remainder when 128 is divided by g(a).
24
Suppose 4*r = 17*a - 16*a - 188, -2*a - 13*r = -271. Calculate the remainder when a is divided by 35.
28
Let n(q) = -475*q - 2937. What is the remainder when n(-8) is divided by 224?
191
Let k = 42 - 47. Let t = k - -73. Calculate the remainder when t is divided by 24.
20
Suppose 2*o = -165 + 13. Let t = o + 140. Let i(r) = -16*r - 10. What is the remainder when t is divided by i(-2)?
20
Suppose 5*m - 2*m - 5*f + 1 = 0, -m - 2*f - 4 = 0. Calculate the remainder when -4 - (620/8)/(1/m) is divided by 27.
16
Let k(q) = -3*q - 23. Let c be k(-15). Let z(o) = -o**2 + 20*o + 86. Calculate the remainder when 158 is divided by z(c).
32
Suppose -83*k = 119*k - 32017 - 266943. Calculate the remainder when k is divided by 78.
76
Suppose -3*z - 12*z = 30. Calculate the remainder when (4 + -26)*z/4 is divided by 6.
5
Let k = 5546 - 5350. What is the remainder when 644 is divided by k?
56
Suppose f - 49 = 2. Let y be 5/((-20)/16) + 303. Suppose -y = -5*d - 5*b + f, -5 = 5*b. Calculate the remainder when d is divided by 26.
19
What is the remainder when 462 is divided by (537 - 279) + -19 + 0?
223
Let k = 901 + -899. Suppose -k*y + 2*i = 2*y - 266, -i + 343 = 5*y. What is the remainder when 230 is divided by y?
26
Suppose -104*y = -93*y - 506. Suppose v = -3*h, 2*h - v = h - 4. What is the remainder when y is divided by 13 + 1 - 0/h?
4
Suppose 0 = 2*r + 5*r - 2003 - 482. Calculate the remainder when r is divided by 3.
1
Let u(p) = -20*p + 24. Let f be u(5). Let h = 151 + f. Let l = 209 - h. What is the remainder when l is divided by 15?
14
Let d(h) = -379*h**3 + 2*h**2 - 3*h - 3. Let j be d(-1). Suppose -8*s + 107 + j = 0. Calculate the remainder when s is divided by 17.
10
Suppose -c + 118 = 3*d, 2*d - 3*c + 194 = 7*d. Suppose -h + 5*m + 422 = 0, -4*h = -8*h + 2*m + 1598. What is the remainder when h is divided by d?
37
Let o(l) = -l**3 + 5*l**2 + 3*l - 5. Let y be o(5). Suppose -3*m + 11 = -37. Calcul